{"id":2,"date":"2018-05-29T16:13:15","date_gmt":"2018-05-29T16:13:15","guid":{"rendered":"http:\/\/globalbusinet.com\/clinicabetel\/?page_id=2"},"modified":"2018-07-11T20:12:04","modified_gmt":"2018-07-11T20:12:04","slug":"inicio","status":"publish","type":"page","link":"https:\/\/www.ipsclinicabetel.com.co\/","title":{"rendered":"Inicio"},"content":{"rendered":"<figure><img decoding=\"async\" src=\"http:\/\/globalbusinet.com\/clinicabetel\/wp-content\/uploads\/2018\/05\/banner_img_01.jpg\" alt=\"banner_img_01\" \/><\/figure>\n<figure><img decoding=\"async\" src=\"http:\/\/globalbusinet.com\/clinicabetel\/wp-content\/uploads\/2018\/05\/banner_img_00.jpg\" alt=\"banner_img_00\" \/><\/figure>\n<figure><img decoding=\"async\" src=\"http:\/\/globalbusinet.com\/clinicabetel\/wp-content\/uploads\/2018\/05\/banner_img_04.jpg\" alt=\"banner_img_04\" \/><\/figure>\n<figure><img decoding=\"async\" src=\"http:\/\/globalbusinet.com\/clinicabetel\/wp-content\/uploads\/2018\/05\/banner_img_02.jpg\" alt=\"banner_img_02\" \/><\/figure>\n<figure><img decoding=\"async\" src=\"http:\/\/globalbusinet.com\/clinicabetel\/wp-content\/uploads\/2018\/05\/banner_img_05.jpg\" alt=\"banner_img_05\" \/><\/figure>\n<header id=\"header_principal\">\n<!--\t\n\n<ul>\n\t\t\n\n<li>\n\t\t\t<a href=\"#\">\n\t\t\t\t<img decoding=\"async\" src=\"http:\/\/globalbusinet.com\/clinicabetel\/wp-content\/uploads\/2018\/05\/banner_prueba.jpg\">\n\t\t\t<\/a>\n\t\t<\/li>\n\n\n\t<\/ul>\n\n\n\t\n\n<nav id=\"btn_banner_prev\"><\/nav>\n\n\n\t\n\n<nav id=\"btn_banner_next\"><\/nav>\n\n--><br \/>\n<\/header>\n<p>NUESTROS SERVICIOS<\/p>\n<figure><img decoding=\"async\" src=\"http:\/\/globalbusinet.com\/clinicabetel\/wp-content\/uploads\/2018\/06\/cirugia_general.jpg\" alt=\"Cirugia General\n\t\tLeer m\u00e1s\" \/><figcaption><a href=\"index.php\/cirugia-general\/\"><br \/>\n\t<img decoding=\"async\" src=\"http:\/\/globalbusinet.com\/clinicabetel\/wp-content\/uploads\/2018\/05\/servicio_01.png\"><br \/>\n\tCirugia General<br \/>\n\t<button><br \/>\n\t\tLeer m\u00e1s<br \/>\n\t<\/button><br \/>\n<\/a><\/figcaption><\/figure>\n<figure><img decoding=\"async\" src=\"http:\/\/globalbusinet.com\/clinicabetel\/wp-content\/uploads\/2018\/06\/CIRUGIAS-COLOPROCTOLOGICAS-.jpg\" alt=\"CIRUGIAS COLOPROCTOLOGICAS\n\t\tLeer m\u00e1s\" \/><figcaption><a href=\"index.php\/cirugias-coloproctologica\/\"><br \/>\n\t<img decoding=\"async\" src=\"http:\/\/globalbusinet.com\/clinicabetel\/wp-content\/uploads\/2018\/05\/servicio_02.png\"><br \/>\n\tCIRUGIAS COLOPROCTOLOGICAS<br \/>\n\t<button><br \/>\n\t\tLeer m\u00e1s<br \/>\n\t<\/button><br \/>\n<\/a><\/figcaption><\/figure>\n<figure><img decoding=\"async\" src=\"http:\/\/globalbusinet.com\/clinicabetel\/wp-content\/uploads\/2018\/06\/CIRUGIAS-PLASTICAS-.jpg\" alt=\"CIRUGIAS PLASTICAS\n\t\tLeer m\u00e1s\" \/><figcaption><a href=\"index.php\/cirugia-plastica\/\"><br \/>\n\t<img decoding=\"async\" src=\"http:\/\/globalbusinet.com\/clinicabetel\/wp-content\/uploads\/2018\/06\/servicio_05.png\"><br \/>\n\tCIRUGIAS PLASTICAS<br \/>\n\t<button><br \/>\n\t\tLeer m\u00e1s<br \/>\n\t<\/button><br \/>\n<\/a><\/figcaption><\/figure>\n<figure><img decoding=\"async\" src=\"http:\/\/globalbusinet.com\/clinicabetel\/wp-content\/uploads\/2018\/06\/CIRUGIAS-UROLOGICA.jpg\" alt=\"CIRUGIAS UROLOGICA\n\t\tLeer m\u00e1s\" \/><figcaption><a href=\"index.php\/cirugia-urologica\/\"><br \/>\n\t<img decoding=\"async\" src=\"http:\/\/globalbusinet.com\/clinicabetel\/wp-content\/uploads\/2018\/05\/servicio_03.png\"><br \/>\n\tCIRUGIAS UROLOGICA<br \/>\n\t<button><br \/>\n\t\tLeer m\u00e1s<br \/>\n\t<\/button><br \/>\n<\/a><\/figcaption><\/figure>\n<figure><img decoding=\"async\" src=\"http:\/\/globalbusinet.com\/clinicabetel\/wp-content\/uploads\/2018\/06\/GINECOLOGICA-OBSTETRICIA.jpg\" alt=\"GINECOLOGICA OBSTETRICIA\n\t\tLeer m\u00e1s\" \/><figcaption><a href=\"index.php\/ginecologicas-obstetricia\/\"><br \/>\n\t<img decoding=\"async\" src=\"http:\/\/globalbusinet.com\/clinicabetel\/wp-content\/uploads\/2018\/05\/servicio_04.png\"><br \/>\n\tGINECOLOGICA OBSTETRICIA<br \/>\n\t<button><br \/>\n\t\tLeer m\u00e1s<br \/>\n\t<\/button><br \/>\n<\/a><\/figcaption><\/figure>\n<p>QUIENES SOMOS<\/p>\n<h2>IPS Cl\u00ednica Betel S.A.S<\/h2>\n<p>La IPS CLINICA BETEL S.A.S fue creada en el 2002 como persona natural y en el 2014 nos transformamos a persona jur\u00eddica con la misi\u00f3n de propiciar a la poblaci\u00f3n residente en la Costa Norte de Colombia una excelente prestaci\u00f3n de Servicios de Seguridad Social en Salud tal y como lo establecen las leyes vigentes<\/p>\n<p>\t\t\t<a href=\"index.php\/quienes-somos\/\"><br \/>\n    Leer m\u00e1s<br \/>\n<\/a><br \/>\n\t\t\t\t\t\t\t\t\t\t<img loading=\"lazy\" decoding=\"async\" width=\"768\" height=\"319\" src=\"http:\/\/globalbusinet.com\/clinicabetel\/wp-content\/uploads\/2018\/05\/banner_img_04-768x319.jpg\" alt=\"\" srcset=\"http:\/\/globalbusinet.com\/clinicabetel\/wp-content\/uploads\/2018\/05\/banner_img_04-768x319.jpg 768w, http:\/\/globalbusinet.com\/clinicabetel\/wp-content\/uploads\/2018\/05\/banner_img_04-300x125.jpg 300w, http:\/\/globalbusinet.com\/clinicabetel\/wp-content\/uploads\/2018\/05\/banner_img_04-1024x425.jpg 1024w, http:\/\/globalbusinet.com\/clinicabetel\/wp-content\/uploads\/2018\/05\/banner_img_04.jpg 1212w\" sizes=\"(max-width: 768px) 100vw, 768px\" \/><br \/>\nINSTALACIONES<\/p>\n<p>En esta edificaci\u00f3n se encuentra debidamente condicionadas y dotadas<br \/>t\u00e9cnicamente las siguientes \u00e1reas<\/p>\n<p>\t\t\t<a><br \/>\n    <img decoding=\"async\" src=\"http:\/\/globalbusinet.com\/clinicabetel\/wp-content\/uploads\/2018\/05\/ins_img-1.jpg\"><br \/>\n    Area Consulta<br \/>\nExterna<br \/>\n<\/a><br \/>\n\t\t\t<a><br \/>\n    <img decoding=\"async\" src=\"http:\/\/globalbusinet.com\/clinicabetel\/wp-content\/uploads\/2018\/05\/ins_img-2.jpg\"><br \/>\n    Area De Cirugia<br \/>\n<\/a><br \/>\n\t\t\t<a><br \/>\n    <img decoding=\"async\" src=\"http:\/\/globalbusinet.com\/clinicabetel\/wp-content\/uploads\/2018\/05\/ins_img-3.jpg\"><br \/>\n    Area De Parto Baja<br \/>\nComplejidad<br \/>\n<\/a><br \/>\n\t\t\t<a><br \/>\n    <img decoding=\"async\" src=\"http:\/\/globalbusinet.com\/clinicabetel\/wp-content\/uploads\/2018\/05\/ins_img-4.jpg\"><br \/>\n    Area De Atencion Al<br \/>\n Recien Nacido<br \/>\n<\/a><br \/>\n\t\t\t<a><br \/>\n    <img decoding=\"async\" src=\"http:\/\/globalbusinet.com\/clinicabetel\/wp-content\/uploads\/2018\/05\/ins_img-5.jpg\"><br \/>\n    Area De<br \/>\nHospitalizacion<br \/>\n<\/a><br \/>\n\t\t\t<a><br \/>\n    <img decoding=\"async\" src=\"http:\/\/globalbusinet.com\/clinicabetel\/wp-content\/uploads\/2018\/05\/ins_img-6.jpg\"><br \/>\n    Area De Unidad<br \/>\nTransfuncional<br \/>\n<\/a><br \/>\n\t\t\t<a><br \/>\n    <img decoding=\"async\" src=\"http:\/\/globalbusinet.com\/clinicabetel\/wp-content\/uploads\/2018\/05\/ins_img-7.jpg\"><br \/>\n    Area De<br \/>\nImageneologias<br \/>\n<\/a><br \/>\n\t\t\t<a><br \/>\n    <img decoding=\"async\" src=\"http:\/\/globalbusinet.com\/clinicabetel\/wp-content\/uploads\/2018\/05\/ins_img-8.jpg\"><br \/>\n    Area<br \/>\nAdministrativas<br \/>\n<\/a><br \/>\n\t\t\t<a><br \/>\n    <img decoding=\"async\" src=\"http:\/\/globalbusinet.com\/clinicabetel\/wp-content\/uploads\/2018\/05\/ins_img-9.jpg\"><br \/>\n    Farmacia<br \/>\n<\/a><br \/>\n\t\t\t<a><br \/>\n    <img decoding=\"async\" src=\"http:\/\/globalbusinet.com\/clinicabetel\/wp-content\/uploads\/2018\/05\/ins_img-10.jpg\"><br \/>\n    Area De Soporte<br \/>\n<\/a><br \/>\nCONVENIOS<\/p>\n<figure><img decoding=\"async\" src=\"http:\/\/globalbusinet.com\/clinicabetel\/wp-content\/uploads\/2018\/05\/convenio_04.jpg\" alt=\"convenio_04\" \/><\/figure>\n<figure><img decoding=\"async\" src=\"http:\/\/globalbusinet.com\/clinicabetel\/wp-content\/uploads\/2018\/05\/convenio_05-.jpg\" alt=\"convenio_05-\" \/><\/figure>\n","protected":false},"excerpt":{"rendered":"<p>NUESTROS SERVICIOS Cirugia General Leer m\u00e1s CIRUGIAS COLOPROCTOLOGICAS Leer m\u00e1s CIRUGIAS PLASTICAS Leer m\u00e1s CIRUGIAS UROLOGICA Leer m\u00e1s GINECOLOGICA OBSTETRICIA Leer m\u00e1s QUIENES SOMOS IPS Cl\u00ednica Betel S.A.S La IPS CLINICA BETEL S.A.S fue creada en el 2002 como persona natural y en el 2014 nos transformamos a persona jur\u00eddica con la misi\u00f3n de propiciar [&hellip;]<\/p>\n","protected":false},"author":1,"featured_media":0,"parent":0,"menu_order":0,"comment_status":"closed","ping_status":"open","template":"","meta":{"footnotes":""},"_links":{"self":[{"href":"https:\/\/www.ipsclinicabetel.com.co\/index.php\/wp-json\/wp\/v2\/pages\/2"}],"collection":[{"href":"https:\/\/www.ipsclinicabetel.com.co\/index.php\/wp-json\/wp\/v2\/pages"}],"about":[{"href":"https:\/\/www.ipsclinicabetel.com.co\/index.php\/wp-json\/wp\/v2\/types\/page"}],"author":[{"embeddable":true,"href":"https:\/\/www.ipsclinicabetel.com.co\/index.php\/wp-json\/wp\/v2\/users\/1"}],"replies":[{"embeddable":true,"href":"https:\/\/www.ipsclinicabetel.com.co\/index.php\/wp-json\/wp\/v2\/comments?post=2"}],"version-history":[{"count":54,"href":"https:\/\/www.ipsclinicabetel.com.co\/index.php\/wp-json\/wp\/v2\/pages\/2\/revisions"}],"predecessor-version":[{"id":758,"href":"https:\/\/www.ipsclinicabetel.com.co\/index.php\/wp-json\/wp\/v2\/pages\/2\/revisions\/758"}],"wp:attachment":[{"href":"https:\/\/www.ipsclinicabetel.com.co\/index.php\/wp-json\/wp\/v2\/media?parent=2"}],"curies":[{"name":"wp","href":"https:\/\/api.w.org\/{rel}","templated":true}]}}